e (9/(-21))/1 - x/(-7). Let i = h + -1305. Is i a composite number?
False
Let y be 5 - (5 + (-16)/2). Suppose -y - 14 = -11*z. Suppose 178 + 180 = z*t. Is t a prime number?
True
Let o = 49806 - 8659. Is o prime?
False
Suppose 0 = -4*r + 2*n - 58, 3*n - 4 - 11 = 0. Let b = -8 - r. Suppose 2*y - b*a - 3954 = 0, 3 = a + 1. Is y a composite number?
True
Let t(p) = p + 7. Let v be t(-26). Let c(n) = -390*n - 13. Is c(v) prime?
False
Suppose -2*d = -6*y + 5*y - 288, 1207 = -4*y - 3*d. Is (y/3)/(28/(-714)) composite?
True
Let m(b) = 6*b - 4. Let i be m(2). Suppose -2154 = i*p - 11*p. Let a = p - 420. Is a composite?
True
Is -13 - -10 - (-2350)/(-3)*(-642)/4 a composite number?
True
Suppose -g + 12205 = -998. Suppose -g = -15*k + 27582. Is k a composite number?
False
Let z(l) = 53*l**3 - 65*l**2 + 2*l + 43. Is z(16) a composite number?
True
Let n(i) = 5*i**2 + 17*i + 4. Let r(d) = -14*d**2 - 50*d - 12. Let s(g) = -17*n(g) - 6*r(g). Let k be s(8). Suppose 18*c = k*c - 13610. Is c composite?
False
Let l(v) be the first derivative of -v**4/4 + 17*v**3/3 + 15*v**2/2 - 10*v - 14. Is l(-7) a prime number?
True
Let a(d) = -d**3 - 13*d**2 - 9*d + 16. Let m = -91 - -78. Is a(m) composite?
True
Let k(h) = -h**2 + 83. Suppose -6 = -4*o + o. Let y be (o + -3)*(3 + -3). Is k(y) a prime number?
True
Let r(a) = 47*a + 5*a - 26 + 29*a. Is r(7) prime?
True
Suppose 4*b + d - 4*d = 13703, -5*b = 5*d - 17155. Let w = 6787 - b. Is w prime?
True
Suppose -305795 = -540*y + 665*y - 43308420. Is y prime?
True
Suppose 0 = -5*q - 2*g - g + 13, -21 = -q + 4*g. Suppose -3 = 2*n - 0*n + 3*f, -5*f - q = 5*n. Suppose -2*v + l + 3454 = 0, n*l + 2*l = -4. Is v a prime number?
False
Let x(r) = -875*r - 8. Let l be x(5). Is l/(-5) + 54/135 prime?
True
Let a = -2397 - -4512. Let y = a + -98. Is y prime?
True
Suppose -242 = -4*w - r + 3*r, 5*r = -2*w + 127. Suppose 4*d - 2931 = -5*y, y + 2*d - w = 530. Is y prime?
False
Suppose -314*a + 4941037 = -309*a + 2*q, 5*a = 5*q + 4940995. Is a prime?
False
Let i(z) = 29*z**2 - 17*z + 1. Let f be ((27/(-15))/(-3))/((-17)/255). Is i(f) composite?
False
Let c = 204 - 198. Let i(t) = 29*t**2 + 17*t - 31. Is i(c) a prime number?
False
Suppose 0 = v + r - 993, r - 1986 = -2*v + 4*r. Is v a prime number?
False
Let i(s) = -s**2 + 3*s + 38. Let u be i(8). Is ((-95)/(-2))/19 - 53801/u a composite number?
False
Suppose -9*u - 3*k = -10*u + 163822, 5*u - 3*k - 819026 = 0. Is u a prime number?
False
Let v = -3 - -9. Let f be (-9)/v*(-8)/12 - -1. Suppose 0 = 2*i + c - 444, -7*c + 448 = f*i - 4*c. Is i prime?
False
Let p(g) = 62584*g + 203. Is p(1) a prime number?
False
Let y be 0 - 1 - (19 + -24). Suppose 5*r - 3*i + 1 = r, -4*r + y*i + 4 = 0. Is (5 - 585/4)*r a prime number?
False
Suppose -4*r = 531114 - 1600438. Suppose 18*g + r = 61*g. Is g a composite number?
False
Suppose -4*b - 48 = 4*b. Is 18799 + (-3 - (-1 + b)) composite?
False
Suppose 74*u + 24 = 80*u. Suppose -3*x = -u*j - 10285, -j = 5*x - 6648 - 10486. Is x a composite number?
True
Let s(o) = 14*o**3 - 8*o**3 - 2*o + o**2 - 5*o**3. Let a be s(2). Suppose a*g - 10*g = -1334. Is g composite?
True
Suppose -d = m - 157085, 238*d = 4*m + 233*d - 628313. Is m a prime number?
False
Let i = 132894 + -64831. Let o = i + -43332. Is o prime?
False
Suppose -36399 = -2*f + 5*n, -f + 54616 = 2*f - 4*n. Suppose -27*s - f = -31*s. Is s prime?
False
Let h be (6/4)/(-1*15/(-20)). Suppose -5*z - 1120 = h*z. Let s = z - -365. Is s a composite number?
True
Suppose 0 = 3*h - 12*o + 14*o - 1234409, -4*o = -2*h + 822934. Is h composite?
False
Let v(m) = 42018*m**2 - 282*m + 565. Is v(2) a composite number?
True
Suppose v - 4*u + 25 = 0, -3*v + 5 = u + 3*u. Is (v - -2)*(-10776)/72 a prime number?
True
Let w(j) = j**3 + 47*j**2 - 35*j - 30. Is w(-43) prime?
False
Let u = -93 + 94. Let j be (5 - 4) + 5/u. Is (-7461)/(-33) - j/66 a prime number?
False
Suppose 0 = -19*x + 340*x - 142518543. Is x composite?
False
Suppose 5 = 44*x - 39*x. Let b be x/3 + 7/(-21). Suppose 0 = 3*f + h - 824 + 292, f - 4*h - 199 = b. Is f a composite number?
False
Let q be (-3 - -1)*(-3)/2. Suppose -3*r = 3*m - 4*r - 10199, m - 3397 = q*r. Let h = m + -2274. Is h composite?
True
Is (-48)/64 + 29519465/92 prime?
False
Suppose w + 8 = 4*u, -w + 0*w + 3*u = 6. Suppose w = -8*h - 0 + 16. Suppose 5*y - h*g - 147 = 0, -2*g + 123 = 4*y - 9. Is y composite?
False
Let m be (-2)/4*-6*336. Suppose 4*f - m = 1796. Is f a composite number?
False
Suppose 137*g - 407 = 126*g. Let v(p) = 95*p + 144. Is v(g) prime?
True
Suppose 0 = -0*j + 4*j - 12. Let w(n) = -n**3 - 85*n**2 + 187*n - 1352. Let t be w(-88). Suppose 1341 = g + 4*y, 4*g = -j*y - y + t. Is g a composite number?
False
Let q = 501 - 505. Is (-4 + q + -12338)*-1 composite?
True
Suppose 1055 = 11*l - 2366. Let g = 554 + l. Is g composite?
True
Suppose -15*k - 401650 + 1262155 = 0. Is k a composite number?
False
Suppose -9*b + 2*r + 1026167 = -8*b, 14366425 = 14*b + r. Is b a prime number?
False
Suppose -6*j + 4 = -14. Let z(m) = -186 + j*m + 14*m + 181 + 5*m**2. Is z(-16) a composite number?
True
Let c(q) = -q**2 + 11*q + 15127. Let a = -710 + 710. Is c(a) a prime number?
False
Let f(p) = -63*p + 16. Let l = -44 - -58. Suppose -13 = 3*v + l. Is f(v) a prime number?
False
Is 58738/3 - 30/90 prime?
False
Is (-15)/(45/(-158178)) + 9/(63/7) prime?
True
Suppose 0 = 2*l + 3*l + 2*s - 639, 4*s = 4*l - 528. Suppose 0 = -2*y + 5*y - l. Suppose -y = -m + 6. Is m composite?
True
Let a(o) = 2*o**2 - 55*o - 15. Let n be a(26). Is 20/90 + n/(-27)*8995 composite?
False
Suppose 3*t = -11*x + 8*t + 680487, 5*x = t + 309311. Is x prime?
False
Let m(u) be the second derivative of 358*u**4/3 - u**3/2 - 3*u**2/2 + 2*u + 14. Is m(-2) composite?
True
Suppose 8*c = 10*c. Let w(g) = 202*g + 3 + 0 + c. Is w(2) a prime number?
False
Suppose 33 + 2 = -m + 5*k, -m - 15 = -k. Let c be (12/m)/(54/(-7965)). Suppose -2*i + c = -29. Is i a prime number?
True
Let b(t) be the first derivative of 704*t**3/3 + 9*t**2/2 - 15*t + 43. Is b(2) composite?
False
Suppose 0 = -3*b - v + 16, 4*b - 2*v = 3*v + 15. Let y(f) = f**3 + f**2 + 2*f + 9. Is y(b) composite?
True
Is (1 - (-8 + -7713)) + 25/5 composite?
False
Let b be 5*(-1400)/(-2) - 6. Let z = -445 + b. Is z a composite number?
False
Let w = -141 + 143. Suppose 4*g + 2213 = 5*d, w*d - 4*g = -0*g + 878. Is d a composite number?
True
Let c(g) = 24*g + 221. Let w be c(-9). Suppose 4*f = 3*p - 33579, -2*p + w*f = 2*p - 44773. Is p prime?
True
Suppose 0*f = -2*f. Let h(z) = -11*z**3 - 5*z**2 - 16*z - 46. Let w be h(-7). Suppose f*g + w = 2*g. Is g a composite number?
True
Let u(d) = 315*d - 142. Let o(v) = -7*v**3. Let j be o(-1). Is u(j) a composite number?
False
Let x = 35 - 12. Suppose 2*g + 2*g + x = -5*b, 12 = -4*b. Is 2388/16 + g/8 prime?
True
Let p = -7749 + 38. Let r = p - -13650. Is r prime?
True
Let u = 24 - -3. Let o(a) = 107*a + 50. Is o(u) a prime number?
True
Suppose m = -d + 4*d - 25, 2*d + 2*m - 30 = 0. Let i(t) = -2*t**3 + 21*t**2 - 9*t - 4. Let o be i(d). Suppose -o*h - 2658 = -9*h. Is h prime?
False
Suppose 0 = 4*z + 8*v - 140, 15 = -3*z + 2*v + 128. Let l(g) = -4*g**3 + g**2 - 3*g + 1. Let y be l(2). Let t = y + z. Is t a composite number?
True
Let k = -90 + 94. Suppose 0 = -k*q + 4*w + 1256, -5*q - w + 1576 = -4*w. Is q prime?
True
Let p(b) = 23*b**2 + 15*b - 30. Let c be p(-13). Let f = c + -1688. Suppose 0 = 6*h + 8*h - f. Is h a prime number?
False
Let b(r) be the first derivative of 398*r**2 + 85*r - 69. Is b(6) a prime number?
True
Let u = -445 + 657. Suppose 8*a - 4*a = u. Suppose -a = -11*t + 10*t. Is t a prime number?
True
Let o = 83 - 69. Suppose 4*f + 9*j - 16964 = o*j, -j + 4241 = f. Is f prime?
True
Let o(b) = 32*b**2 - 3*b + 42. Let r be o(-8). Suppose l + 393 = r. Is l prime?
True
Suppose 2*v = n - 11, 7 = -2*v + 13. Suppose -n*t + 12*t + 7045 = 0. Is t a composite number?
False
Suppose 4*p - 3*p - 2 = 0. Let z(v) = 0*v**2 + 5 - 8*v + 11*v**2 + 2*v**p + 9. Is z(-7) prime?
False
Let c(x) = 173*x - 7. Let p be c(2). Suppose 18601 = p*j - 328*j. Is j a composite number?
True
Let b = -237 + 110918. Is b prime?
True
Let i(j) = -j**3 + 13*j**2 - j + 11. Let x be i(13). Let h(z) = -328*z - 21. Is h(x) prime?
False
Let v = -68970 - -121231. Is v prime?
False
Let n be